{"id":20,"date":"2018-12-12T14:04:20","date_gmt":"2018-12-12T14:04:20","guid":{"rendered":"http:\/\/www.bbsc.ch\/?page_id=20"},"modified":"2019-12-08T10:42:26","modified_gmt":"2019-12-08T10:42:26","slug":"anlaesse","status":"publish","type":"page","link":"https:\/\/www.bbsc.ch\/index.php\/anlaesse\/","title":{"rendered":"Anl\u00e4sse"},"content":{"rendered":"\n<p>M\u00f6chten sie den Bogensport kennenlernen?&nbsp; Bei uns gibt es die M\u00f6glichkeit in diesen sch\u00f6nen Sport hinein zu Schnuppern! <\/p>\n\n\n\n<p>Nehmen sie unverbindlich&nbsp;Kontakt&nbsp;mit uns auf und lassen sie sich beraten. Melden Sie sich direkt bei unserer Trainerin Christine Scheidegger <a href=\"mailto:trainerin@bbsc.ch\">per Mail<\/a> oder unter Tel. 076 \/329 62 58.<\/p>\n\n\n\n<p> <br>Auch Einzellektionen, Kleingruppenunterricht und Bogenevents aller Art k\u00f6nnen bei Christine gebucht werden. Ein Besuch auf Ihrer Homepage <a href=\"http:\/\/www.bogenstunden.ch\/\" target=\"_blank\" rel=\"noreferrer noopener\" aria-label=\" (\u00f6ffnet in neuem Tab)\">www.bogenstunden.ch <\/a>lohnt sich. <\/p>\n","protected":false},"excerpt":{"rendered":"<p>M\u00f6chten sie den Bogensport kennenlernen?&nbsp; Bei uns gibt es die M\u00f6glichkeit in diesen sch\u00f6nen Sport hinein zu Schnuppern! Nehmen sie unverbindlich&nbsp;Kontakt&nbsp;mit uns auf und lassen sie sich beraten. Melden Sie sich direkt bei unserer Trainerin Christine Scheidegger per Mail oder unter Tel. 076 \/329 62 58. Auch Einzellektionen, Kleingruppenunterricht und Bogenevents aller Art k\u00f6nnen bei &hellip; <a href=\"https:\/\/www.bbsc.ch\/index.php\/anlaesse\/\" class=\"more-link\">Continue reading<span class=\"screen-reader-text\"> &#8220;Anl\u00e4sse&#8221;<\/span><\/a><\/p>\n","protected":false},"author":1,"featured_media":0,"parent":0,"menu_order":0,"comment_status":"closed","ping_status":"closed","template":"","meta":{"footnotes":""},"class_list":["post-20","page","type-page","status-publish","hentry"],"yoast_head":"<!-- This site is optimized with the Yoast SEO plugin v27.5 - https:\/\/yoast.com\/product\/yoast-seo-wordpress\/ -->\n<title>Anl\u00e4sse - BBSC.ch<\/title>\n<meta name=\"robots\" content=\"index, follow, max-snippet:-1, max-image-preview:large, max-video-preview:-1\" \/>\n<link rel=\"canonical\" href=\"https:\/\/www.bbsc.ch\/index.php\/anlaesse\/\" \/>\n<meta property=\"og:locale\" content=\"en_US\" \/>\n<meta property=\"og:type\" content=\"article\" \/>\n<meta property=\"og:title\" content=\"Anl\u00e4sse - BBSC.ch\" \/>\n<meta property=\"og:description\" content=\"M\u00f6chten sie den Bogensport kennenlernen?&nbsp; Bei uns gibt es die M\u00f6glichkeit in diesen sch\u00f6nen Sport hinein zu Schnuppern! Nehmen sie unverbindlich&nbsp;Kontakt&nbsp;mit uns auf und lassen sie sich beraten. Melden Sie sich direkt bei unserer Trainerin Christine Scheidegger per Mail oder unter Tel. 076 \/329 62 58. Auch Einzellektionen, Kleingruppenunterricht und Bogenevents aller Art k\u00f6nnen bei &hellip; Continue reading &quot;Anl\u00e4sse&quot;\" \/>\n<meta property=\"og:url\" content=\"https:\/\/www.bbsc.ch\/index.php\/anlaesse\/\" \/>\n<meta property=\"og:site_name\" content=\"BBSC.ch\" \/>\n<meta property=\"article:modified_time\" content=\"2019-12-08T10:42:26+00:00\" \/>\n<meta name=\"twitter:card\" content=\"summary_large_image\" \/>\n<script type=\"application\/ld+json\" class=\"yoast-schema-graph\">{\"@context\":\"https:\\\/\\\/schema.org\",\"@graph\":[{\"@type\":\"WebPage\",\"@id\":\"https:\\\/\\\/www.bbsc.ch\\\/index.php\\\/anlaesse\\\/\",\"url\":\"https:\\\/\\\/www.bbsc.ch\\\/index.php\\\/anlaesse\\\/\",\"name\":\"Anl\u00e4sse - BBSC.ch\",\"isPartOf\":{\"@id\":\"https:\\\/\\\/www.bbsc.ch\\\/#website\"},\"datePublished\":\"2018-12-12T14:04:20+00:00\",\"dateModified\":\"2019-12-08T10:42:26+00:00\",\"breadcrumb\":{\"@id\":\"https:\\\/\\\/www.bbsc.ch\\\/index.php\\\/anlaesse\\\/#breadcrumb\"},\"inLanguage\":\"en-US\",\"potentialAction\":[{\"@type\":\"ReadAction\",\"target\":[\"https:\\\/\\\/www.bbsc.ch\\\/index.php\\\/anlaesse\\\/\"]}]},{\"@type\":\"BreadcrumbList\",\"@id\":\"https:\\\/\\\/www.bbsc.ch\\\/index.php\\\/anlaesse\\\/#breadcrumb\",\"itemListElement\":[{\"@type\":\"ListItem\",\"position\":1,\"name\":\"Home\",\"item\":\"https:\\\/\\\/www.bbsc.ch\\\/\"},{\"@type\":\"ListItem\",\"position\":2,\"name\":\"Anl\u00e4sse\"}]},{\"@type\":\"WebSite\",\"@id\":\"https:\\\/\\\/www.bbsc.ch\\\/#website\",\"url\":\"https:\\\/\\\/www.bbsc.ch\\\/\",\"name\":\"BBSC.ch\",\"description\":\"\",\"publisher\":{\"@id\":\"https:\\\/\\\/www.bbsc.ch\\\/#organization\"},\"potentialAction\":[{\"@type\":\"SearchAction\",\"target\":{\"@type\":\"EntryPoint\",\"urlTemplate\":\"https:\\\/\\\/www.bbsc.ch\\\/?s={search_term_string}\"},\"query-input\":{\"@type\":\"PropertyValueSpecification\",\"valueRequired\":true,\"valueName\":\"search_term_string\"}}],\"inLanguage\":\"en-US\"},{\"@type\":\"Organization\",\"@id\":\"https:\\\/\\\/www.bbsc.ch\\\/#organization\",\"name\":\"BBSC.ch\",\"url\":\"https:\\\/\\\/www.bbsc.ch\\\/\",\"logo\":{\"@type\":\"ImageObject\",\"inLanguage\":\"en-US\",\"@id\":\"https:\\\/\\\/www.bbsc.ch\\\/#\\\/schema\\\/logo\\\/image\\\/\",\"url\":\"https:\\\/\\\/www.bbsc.ch\\\/wp-content\\\/uploads\\\/2018\\\/12\\\/logo.png\",\"contentUrl\":\"https:\\\/\\\/www.bbsc.ch\\\/wp-content\\\/uploads\\\/2018\\\/12\\\/logo.png\",\"width\":189,\"height\":198,\"caption\":\"BBSC.ch\"},\"image\":{\"@id\":\"https:\\\/\\\/www.bbsc.ch\\\/#\\\/schema\\\/logo\\\/image\\\/\"}}]}<\/script>\n<!-- \/ Yoast SEO plugin. -->","yoast_head_json":{"title":"Anl\u00e4sse - BBSC.ch","robots":{"index":"index","follow":"follow","max-snippet":"max-snippet:-1","max-image-preview":"max-image-preview:large","max-video-preview":"max-video-preview:-1"},"canonical":"https:\/\/www.bbsc.ch\/index.php\/anlaesse\/","og_locale":"en_US","og_type":"article","og_title":"Anl\u00e4sse - BBSC.ch","og_description":"M\u00f6chten sie den Bogensport kennenlernen?&nbsp; Bei uns gibt es die M\u00f6glichkeit in diesen sch\u00f6nen Sport hinein zu Schnuppern! Nehmen sie unverbindlich&nbsp;Kontakt&nbsp;mit uns auf und lassen sie sich beraten. Melden Sie sich direkt bei unserer Trainerin Christine Scheidegger per Mail oder unter Tel. 076 \/329 62 58. Auch Einzellektionen, Kleingruppenunterricht und Bogenevents aller Art k\u00f6nnen bei &hellip; Continue reading \"Anl\u00e4sse\"","og_url":"https:\/\/www.bbsc.ch\/index.php\/anlaesse\/","og_site_name":"BBSC.ch","article_modified_time":"2019-12-08T10:42:26+00:00","twitter_card":"summary_large_image","schema":{"@context":"https:\/\/schema.org","@graph":[{"@type":"WebPage","@id":"https:\/\/www.bbsc.ch\/index.php\/anlaesse\/","url":"https:\/\/www.bbsc.ch\/index.php\/anlaesse\/","name":"Anl\u00e4sse - BBSC.ch","isPartOf":{"@id":"https:\/\/www.bbsc.ch\/#website"},"datePublished":"2018-12-12T14:04:20+00:00","dateModified":"2019-12-08T10:42:26+00:00","breadcrumb":{"@id":"https:\/\/www.bbsc.ch\/index.php\/anlaesse\/#breadcrumb"},"inLanguage":"en-US","potentialAction":[{"@type":"ReadAction","target":["https:\/\/www.bbsc.ch\/index.php\/anlaesse\/"]}]},{"@type":"BreadcrumbList","@id":"https:\/\/www.bbsc.ch\/index.php\/anlaesse\/#breadcrumb","itemListElement":[{"@type":"ListItem","position":1,"name":"Home","item":"https:\/\/www.bbsc.ch\/"},{"@type":"ListItem","position":2,"name":"Anl\u00e4sse"}]},{"@type":"WebSite","@id":"https:\/\/www.bbsc.ch\/#website","url":"https:\/\/www.bbsc.ch\/","name":"BBSC.ch","description":"","publisher":{"@id":"https:\/\/www.bbsc.ch\/#organization"},"potentialAction":[{"@type":"SearchAction","target":{"@type":"EntryPoint","urlTemplate":"https:\/\/www.bbsc.ch\/?s={search_term_string}"},"query-input":{"@type":"PropertyValueSpecification","valueRequired":true,"valueName":"search_term_string"}}],"inLanguage":"en-US"},{"@type":"Organization","@id":"https:\/\/www.bbsc.ch\/#organization","name":"BBSC.ch","url":"https:\/\/www.bbsc.ch\/","logo":{"@type":"ImageObject","inLanguage":"en-US","@id":"https:\/\/www.bbsc.ch\/#\/schema\/logo\/image\/","url":"https:\/\/www.bbsc.ch\/wp-content\/uploads\/2018\/12\/logo.png","contentUrl":"https:\/\/www.bbsc.ch\/wp-content\/uploads\/2018\/12\/logo.png","width":189,"height":198,"caption":"BBSC.ch"},"image":{"@id":"https:\/\/www.bbsc.ch\/#\/schema\/logo\/image\/"}}]}},"_links":{"self":[{"href":"https:\/\/www.bbsc.ch\/index.php\/wp-json\/wp\/v2\/pages\/20","targetHints":{"allow":["GET"]}}],"collection":[{"href":"https:\/\/www.bbsc.ch\/index.php\/wp-json\/wp\/v2\/pages"}],"about":[{"href":"https:\/\/www.bbsc.ch\/index.php\/wp-json\/wp\/v2\/types\/page"}],"author":[{"embeddable":true,"href":"https:\/\/www.bbsc.ch\/index.php\/wp-json\/wp\/v2\/users\/1"}],"replies":[{"embeddable":true,"href":"https:\/\/www.bbsc.ch\/index.php\/wp-json\/wp\/v2\/comments?post=20"}],"version-history":[{"count":6,"href":"https:\/\/www.bbsc.ch\/index.php\/wp-json\/wp\/v2\/pages\/20\/revisions"}],"predecessor-version":[{"id":130,"href":"https:\/\/www.bbsc.ch\/index.php\/wp-json\/wp\/v2\/pages\/20\/revisions\/130"}],"wp:attachment":[{"href":"https:\/\/www.bbsc.ch\/index.php\/wp-json\/wp\/v2\/media?parent=20"}],"curies":[{"name":"wp","href":"https:\/\/api.w.org\/{rel}","templated":true}]}}