{"id":62,"date":"2019-03-07T17:09:19","date_gmt":"2019-03-07T17:09:19","guid":{"rendered":"http:\/\/www.bbsc.ch\/?page_id=62"},"modified":"2024-03-09T14:07:49","modified_gmt":"2024-03-09T14:07:49","slug":"startseite","status":"publish","type":"page","link":"https:\/\/www.bbsc.ch\/","title":{"rendered":""},"content":{"rendered":"\n<div class=\"wp-block-columns has-2-columns is-layout-flex wp-container-core-columns-is-layout-9d6595d7 wp-block-columns-is-layout-flex\">\n<div class=\"wp-block-column is-layout-flow wp-block-column-is-layout-flow\"><ul class=\"display-posts-listing\"><li class=\"listing-item\"><span class=\"title\">Termine 2026<\/span><div class=\"content\">\n<p>Liebe Mitglieder, hier sind die f\u00fcr euch relevanten Termine 2026:<\/p>\n\n\n\n<p>Letztes Indoor-Training: Sa. 11.04.26<\/p>\n\n\n\n<p>Bogenplatz auswintern: Sa. 18.04.26<\/p>\n\n\n\n<p>Erstes Outdoor-Training: Do. 23.04.26<\/p>\n\n\n\n<p>Jubil\u00e4um BBSC: Sa. 13.06.26 (Sa. 20.06.26)<\/p>\n\n\n\n<p>Ende Outdoor-Training: Do. 08.10.26<\/p>\n\n\n\n<p>Bogenplatz einwintern: Do. 15.10.26 &amp; Sa. 17.10.26<\/p>\n\n\n\n<p>Beginn Hallentraining: Do. 22.10.26 &amp; Sa. 24.10.26<\/p>\n<\/div><\/li><\/ul>\n\n\n\n<p><\/p>\n<\/div>\n\n\n\n<div class=\"wp-block-column is-layout-flow wp-block-column-is-layout-flow\">\n<p><strong>AUSZ\u00dcGE LEITBILD<\/strong><\/p>\n\n\n\n<p>Der BBSC&#8230;<\/p>\n\n\n\n<ul class=\"wp-block-list\">\n<li>&#8230; f\u00f6rdert den Bogensport<\/li>\n\n\n\n<li>&#8230; f\u00f6rdert den Nachwuchs<\/li>\n\n\n\n<li>&#8230; unterst\u00fctzt und ber\u00e4t Anf\u00e4ngerInnen<\/li>\n\n\n\n<li>&#8230; steht allen Interessierten offen f\u00fcr unverbindliches Kennenlernen von Sport und Club<\/li>\n<\/ul>\n\n\n\n<p><strong>G\u00d6NNER<\/strong><\/p>\n\n\n\n<figure class=\"wp-block-image\"><img loading=\"lazy\" decoding=\"async\" width=\"248\" height=\"74\" src=\"https:\/\/www.bbsc.ch\/wp-content\/uploads\/2019\/08\/swisslos-sportfonds.jpg\" alt=\"\" class=\"wp-image-101\"\/><\/figure>\n\n\n\n<figure class=\"wp-block-image size-large is-resized\"><img loading=\"lazy\" decoding=\"async\" width=\"1024\" height=\"342\" src=\"https:\/\/www.bbsc.ch\/wp-content\/uploads\/2024\/03\/SB_Logo_RZ1-mit-transparenz-1024x342.png\" alt=\"\" class=\"wp-image-180\" style=\"width:244px;height:auto\" srcset=\"https:\/\/www.bbsc.ch\/wp-content\/uploads\/2024\/03\/SB_Logo_RZ1-mit-transparenz-1024x342.png 1024w, https:\/\/www.bbsc.ch\/wp-content\/uploads\/2024\/03\/SB_Logo_RZ1-mit-transparenz-300x100.png 300w, https:\/\/www.bbsc.ch\/wp-content\/uploads\/2024\/03\/SB_Logo_RZ1-mit-transparenz-768x257.png 768w, https:\/\/www.bbsc.ch\/wp-content\/uploads\/2024\/03\/SB_Logo_RZ1-mit-transparenz-1200x401.png 1200w, https:\/\/www.bbsc.ch\/wp-content\/uploads\/2024\/03\/SB_Logo_RZ1-mit-transparenz.png 1280w\" sizes=\"auto, (max-width: 709px) 85vw, (max-width: 909px) 67vw, (max-width: 1362px) 62vw, 840px\" \/><\/figure>\n\n\n\n<figure class=\"wp-block-image\"><a href=\"http:\/\/www.huegisport.ch\/\" target=\"_blank\" rel=\"noreferrer noopener\"><img loading=\"lazy\" decoding=\"async\" width=\"199\" height=\"50\" src=\"http:\/\/www.bbsc.ch\/wp-content\/uploads\/2019\/03\/huegi.jpg\" alt=\"\" class=\"wp-image-67\"\/><\/a><\/figure>\n\n\n\n<figure class=\"wp-block-image\"><a href=\"http:\/\/www.leist-engehalbinsel.ch\/\" target=\"_blank\" rel=\"noreferrer noopener\"><img loading=\"lazy\" decoding=\"async\" width=\"90\" height=\"90\" src=\"http:\/\/www.bbsc.ch\/wp-content\/uploads\/2019\/03\/leist.jpg\" alt=\"\" class=\"wp-image-68\"\/><\/a><\/figure>\n<\/div>\n<\/div>\n","protected":false},"excerpt":{"rendered":"<p>AUSZ\u00dcGE LEITBILD Der BBSC&#8230; G\u00d6NNER<\/p>\n","protected":false},"author":1,"featured_media":0,"parent":0,"menu_order":0,"comment_status":"closed","ping_status":"closed","template":"","meta":{"footnotes":""},"class_list":["post-62","page","type-page","status-publish","hentry"],"yoast_head":"<!-- This site is optimized with the Yoast SEO plugin v27.5 - https:\/\/yoast.com\/product\/yoast-seo-wordpress\/ -->\n<title>- BBSC.ch<\/title>\n<meta name=\"robots\" content=\"index, follow, max-snippet:-1, max-image-preview:large, max-video-preview:-1\" \/>\n<link rel=\"canonical\" href=\"https:\/\/www.bbsc.ch\/\" \/>\n<meta property=\"og:locale\" content=\"en_US\" \/>\n<meta property=\"og:type\" content=\"article\" \/>\n<meta property=\"og:title\" content=\"- BBSC.ch\" \/>\n<meta property=\"og:description\" content=\"AUSZ\u00dcGE LEITBILD Der BBSC&#8230; G\u00d6NNER\" \/>\n<meta property=\"og:url\" content=\"https:\/\/www.bbsc.ch\/\" \/>\n<meta property=\"og:site_name\" content=\"BBSC.ch\" \/>\n<meta property=\"article:modified_time\" content=\"2024-03-09T14:07:49+00:00\" \/>\n<meta property=\"og:image\" content=\"https:\/\/www.bbsc.ch\/wp-content\/uploads\/2019\/08\/swisslos-sportfonds.jpg\" \/>\n<meta name=\"twitter:card\" content=\"summary_large_image\" \/>\n<meta name=\"twitter:label1\" content=\"Est. reading time\" \/>\n\t<meta name=\"twitter:data1\" content=\"1 minute\" \/>\n<script type=\"application\/ld+json\" class=\"yoast-schema-graph\">{\"@context\":\"https:\\\/\\\/schema.org\",\"@graph\":[{\"@type\":\"WebPage\",\"@id\":\"https:\\\/\\\/www.bbsc.ch\\\/\",\"url\":\"https:\\\/\\\/www.bbsc.ch\\\/\",\"name\":\"- BBSC.ch\",\"isPartOf\":{\"@id\":\"https:\\\/\\\/www.bbsc.ch\\\/#website\"},\"primaryImageOfPage\":{\"@id\":\"https:\\\/\\\/www.bbsc.ch\\\/#primaryimage\"},\"image\":{\"@id\":\"https:\\\/\\\/www.bbsc.ch\\\/#primaryimage\"},\"thumbnailUrl\":\"https:\\\/\\\/www.bbsc.ch\\\/wp-content\\\/uploads\\\/2019\\\/08\\\/swisslos-sportfonds.jpg\",\"datePublished\":\"2019-03-07T17:09:19+00:00\",\"dateModified\":\"2024-03-09T14:07:49+00:00\",\"inLanguage\":\"en-US\",\"potentialAction\":[{\"@type\":\"ReadAction\",\"target\":[\"https:\\\/\\\/www.bbsc.ch\\\/\"]}]},{\"@type\":\"ImageObject\",\"inLanguage\":\"en-US\",\"@id\":\"https:\\\/\\\/www.bbsc.ch\\\/#primaryimage\",\"url\":\"https:\\\/\\\/www.bbsc.ch\\\/wp-content\\\/uploads\\\/2019\\\/08\\\/swisslos-sportfonds.jpg\",\"contentUrl\":\"https:\\\/\\\/www.bbsc.ch\\\/wp-content\\\/uploads\\\/2019\\\/08\\\/swisslos-sportfonds.jpg\",\"width\":248,\"height\":74},{\"@type\":\"WebSite\",\"@id\":\"https:\\\/\\\/www.bbsc.ch\\\/#website\",\"url\":\"https:\\\/\\\/www.bbsc.ch\\\/\",\"name\":\"BBSC.ch\",\"description\":\"\",\"publisher\":{\"@id\":\"https:\\\/\\\/www.bbsc.ch\\\/#organization\"},\"potentialAction\":[{\"@type\":\"SearchAction\",\"target\":{\"@type\":\"EntryPoint\",\"urlTemplate\":\"https:\\\/\\\/www.bbsc.ch\\\/?s={search_term_string}\"},\"query-input\":{\"@type\":\"PropertyValueSpecification\",\"valueRequired\":true,\"valueName\":\"search_term_string\"}}],\"inLanguage\":\"en-US\"},{\"@type\":\"Organization\",\"@id\":\"https:\\\/\\\/www.bbsc.ch\\\/#organization\",\"name\":\"BBSC.ch\",\"url\":\"https:\\\/\\\/www.bbsc.ch\\\/\",\"logo\":{\"@type\":\"ImageObject\",\"inLanguage\":\"en-US\",\"@id\":\"https:\\\/\\\/www.bbsc.ch\\\/#\\\/schema\\\/logo\\\/image\\\/\",\"url\":\"https:\\\/\\\/www.bbsc.ch\\\/wp-content\\\/uploads\\\/2018\\\/12\\\/logo.png\",\"contentUrl\":\"https:\\\/\\\/www.bbsc.ch\\\/wp-content\\\/uploads\\\/2018\\\/12\\\/logo.png\",\"width\":189,\"height\":198,\"caption\":\"BBSC.ch\"},\"image\":{\"@id\":\"https:\\\/\\\/www.bbsc.ch\\\/#\\\/schema\\\/logo\\\/image\\\/\"}}]}<\/script>\n<!-- \/ Yoast SEO plugin. -->","yoast_head_json":{"title":"- BBSC.ch","robots":{"index":"index","follow":"follow","max-snippet":"max-snippet:-1","max-image-preview":"max-image-preview:large","max-video-preview":"max-video-preview:-1"},"canonical":"https:\/\/www.bbsc.ch\/","og_locale":"en_US","og_type":"article","og_title":"- BBSC.ch","og_description":"AUSZ\u00dcGE LEITBILD Der BBSC&#8230; G\u00d6NNER","og_url":"https:\/\/www.bbsc.ch\/","og_site_name":"BBSC.ch","article_modified_time":"2024-03-09T14:07:49+00:00","og_image":[{"url":"https:\/\/www.bbsc.ch\/wp-content\/uploads\/2019\/08\/swisslos-sportfonds.jpg","type":"","width":"","height":""}],"twitter_card":"summary_large_image","twitter_misc":{"Est. reading time":"1 minute"},"schema":{"@context":"https:\/\/schema.org","@graph":[{"@type":"WebPage","@id":"https:\/\/www.bbsc.ch\/","url":"https:\/\/www.bbsc.ch\/","name":"- BBSC.ch","isPartOf":{"@id":"https:\/\/www.bbsc.ch\/#website"},"primaryImageOfPage":{"@id":"https:\/\/www.bbsc.ch\/#primaryimage"},"image":{"@id":"https:\/\/www.bbsc.ch\/#primaryimage"},"thumbnailUrl":"https:\/\/www.bbsc.ch\/wp-content\/uploads\/2019\/08\/swisslos-sportfonds.jpg","datePublished":"2019-03-07T17:09:19+00:00","dateModified":"2024-03-09T14:07:49+00:00","inLanguage":"en-US","potentialAction":[{"@type":"ReadAction","target":["https:\/\/www.bbsc.ch\/"]}]},{"@type":"ImageObject","inLanguage":"en-US","@id":"https:\/\/www.bbsc.ch\/#primaryimage","url":"https:\/\/www.bbsc.ch\/wp-content\/uploads\/2019\/08\/swisslos-sportfonds.jpg","contentUrl":"https:\/\/www.bbsc.ch\/wp-content\/uploads\/2019\/08\/swisslos-sportfonds.jpg","width":248,"height":74},{"@type":"WebSite","@id":"https:\/\/www.bbsc.ch\/#website","url":"https:\/\/www.bbsc.ch\/","name":"BBSC.ch","description":"","publisher":{"@id":"https:\/\/www.bbsc.ch\/#organization"},"potentialAction":[{"@type":"SearchAction","target":{"@type":"EntryPoint","urlTemplate":"https:\/\/www.bbsc.ch\/?s={search_term_string}"},"query-input":{"@type":"PropertyValueSpecification","valueRequired":true,"valueName":"search_term_string"}}],"inLanguage":"en-US"},{"@type":"Organization","@id":"https:\/\/www.bbsc.ch\/#organization","name":"BBSC.ch","url":"https:\/\/www.bbsc.ch\/","logo":{"@type":"ImageObject","inLanguage":"en-US","@id":"https:\/\/www.bbsc.ch\/#\/schema\/logo\/image\/","url":"https:\/\/www.bbsc.ch\/wp-content\/uploads\/2018\/12\/logo.png","contentUrl":"https:\/\/www.bbsc.ch\/wp-content\/uploads\/2018\/12\/logo.png","width":189,"height":198,"caption":"BBSC.ch"},"image":{"@id":"https:\/\/www.bbsc.ch\/#\/schema\/logo\/image\/"}}]}},"_links":{"self":[{"href":"https:\/\/www.bbsc.ch\/index.php\/wp-json\/wp\/v2\/pages\/62","targetHints":{"allow":["GET"]}}],"collection":[{"href":"https:\/\/www.bbsc.ch\/index.php\/wp-json\/wp\/v2\/pages"}],"about":[{"href":"https:\/\/www.bbsc.ch\/index.php\/wp-json\/wp\/v2\/types\/page"}],"author":[{"embeddable":true,"href":"https:\/\/www.bbsc.ch\/index.php\/wp-json\/wp\/v2\/users\/1"}],"replies":[{"embeddable":true,"href":"https:\/\/www.bbsc.ch\/index.php\/wp-json\/wp\/v2\/comments?post=62"}],"version-history":[{"count":18,"href":"https:\/\/www.bbsc.ch\/index.php\/wp-json\/wp\/v2\/pages\/62\/revisions"}],"predecessor-version":[{"id":215,"href":"https:\/\/www.bbsc.ch\/index.php\/wp-json\/wp\/v2\/pages\/62\/revisions\/215"}],"wp:attachment":[{"href":"https:\/\/www.bbsc.ch\/index.php\/wp-json\/wp\/v2\/media?parent=62"}],"curies":[{"name":"wp","href":"https:\/\/api.w.org\/{rel}","templated":true}]}}